{"id":31,"date":"2011-06-27T20:13:35","date_gmt":"2011-06-27T20:13:35","guid":{"rendered":"http:\/\/www.pizzeriadamassimo.de\/wordpress\/?page_id=31"},"modified":"2016-06-10T15:24:59","modified_gmt":"2016-06-10T15:24:59","slug":"catering","status":"publish","type":"page","link":"http:\/\/www.pizzeriadamassimo.de\/?page_id=31","title":{"rendered":"Catering"},"content":{"rendered":"<h3>Sie suchen den richtigen Partyservice f\u00fcr Ihre Feier und wissen nicht wohin?<br \/>\nWir stehen f\u00fcr Qualit\u00e4t und Zuverl\u00e4ssigkeit!<br \/>\nEgal ob Firmenfeier, Geburtstage im eigenen Garten oder anderen Veranstaltungsf\u00e4llen &#8211; hier finden Sie den richtigen Partner!<br \/>\nF\u00fcr die richtige Sitzgelegenheit, bieten wir Ihnen gerne<br \/>\nB\u00e4nke, Tische und St\u00fchle (auch seperat verleihbar) an.<\/h3>\n<p><a href=\"http:\/\/www.pizzeriadamassimo.de\/wordpress\/wp-content\/uploads\/buffet.jpg\"><img loading=\"lazy\" decoding=\"async\" src=\"http:\/\/www.pizzeriadamassimo.de\/wordpress\/wp-content\/uploads\/buffet.jpg\" alt=\"\" title=\"buffet\" width=\"800\" height=\"600\" class=\"aligncenter size-full wp-image-209\" srcset=\"http:\/\/www.pizzeriadamassimo.de\/wp-content\/uploads\/buffet.jpg 800w, http:\/\/www.pizzeriadamassimo.de\/wp-content\/uploads\/buffet-300x225.jpg 300w, http:\/\/www.pizzeriadamassimo.de\/wp-content\/uploads\/buffet-186x140.jpg 186w\" sizes=\"(max-width: 800px) 100vw, 800px\" \/><\/a><\/p>\n<p><a href=\"http:\/\/www.pizzeriadamassimo.de\/wordpress\/wp-content\/uploads\/Buffet-M\u00e4rz-2008-21.jpg\"><img loading=\"lazy\" decoding=\"async\" src=\"http:\/\/www.pizzeriadamassimo.de\/wordpress\/wp-content\/uploads\/Buffet-M\u00e4rz-2008-21.jpg\" alt=\"\" title=\"Buffet M\u00e4rz 2008 (21)\" width=\"800\" height=\"481\" class=\"aligncenter size-full wp-image-208\" srcset=\"http:\/\/www.pizzeriadamassimo.de\/wp-content\/uploads\/Buffet-M\u00e4rz-2008-21.jpg 800w, http:\/\/www.pizzeriadamassimo.de\/wp-content\/uploads\/Buffet-M\u00e4rz-2008-21-300x180.jpg 300w, http:\/\/www.pizzeriadamassimo.de\/wp-content\/uploads\/Buffet-M\u00e4rz-2008-21-200x120.jpg 200w\" sizes=\"(max-width: 800px) 100vw, 800px\" \/><\/a><\/p>\n<p><center><\/p>\n<h1>Pizzamobil<\/h1>\n<p><\/center><br \/>\nSeit kurzen d\u00fcrfen wir unseren Kunden auch das Pizzamobil anbieten. Hierbei handelt es sich um eine Ape die mit einem Pizzaoffen augestattet ist.<br \/>\n<br \/><\/br><br \/>\n<a href=\"http:\/\/www.pizzeriadamassimo.de\/wordpress\/wp-content\/uploads\/GoGo-6.jpg\"><img loading=\"lazy\" decoding=\"async\" src=\"http:\/\/www.pizzeriadamassimo.de\/wordpress\/wp-content\/uploads\/GoGo-6.jpg\" alt=\"\" title=\"GoGo (6)\" width=\"800\" height=\"481\" class=\"aligncenter size-full wp-image-231\" srcset=\"http:\/\/www.pizzeriadamassimo.de\/wp-content\/uploads\/GoGo-6.jpg 800w, http:\/\/www.pizzeriadamassimo.de\/wp-content\/uploads\/GoGo-6-300x180.jpg 300w, http:\/\/www.pizzeriadamassimo.de\/wp-content\/uploads\/GoGo-6-200x120.jpg 200w\" sizes=\"(max-width: 800px) 100vw, 800px\" \/><\/a><\/p>\n<p><a href=\"http:\/\/www.pizzeriadamassimo.de\/wordpress\/wp-content\/uploads\/GoGo-7.jpg\"><img loading=\"lazy\" decoding=\"async\" src=\"http:\/\/www.pizzeriadamassimo.de\/wordpress\/wp-content\/uploads\/GoGo-7.jpg\" alt=\"\" title=\"GoGo (7)\" width=\"800\" height=\"600\" class=\"aligncenter size-full wp-image-232\" srcset=\"http:\/\/www.pizzeriadamassimo.de\/wp-content\/uploads\/GoGo-7.jpg 800w, http:\/\/www.pizzeriadamassimo.de\/wp-content\/uploads\/GoGo-7-300x225.jpg 300w, http:\/\/www.pizzeriadamassimo.de\/wp-content\/uploads\/GoGo-7-186x140.jpg 186w\" sizes=\"(max-width: 800px) 100vw, 800px\" \/><\/a><\/p>\n<p><a href=\"http:\/\/www.pizzeriadamassimo.de\/wordpress\/wp-content\/uploads\/GoGo1.jpg\"><img loading=\"lazy\" decoding=\"async\" src=\"http:\/\/www.pizzeriadamassimo.de\/wordpress\/wp-content\/uploads\/GoGo1.jpg\" alt=\"\" title=\"GoGo\" width=\"800\" height=\"600\" class=\"aligncenter size-full wp-image-236\" srcset=\"http:\/\/www.pizzeriadamassimo.de\/wp-content\/uploads\/GoGo1.jpg 800w, http:\/\/www.pizzeriadamassimo.de\/wp-content\/uploads\/GoGo1-300x225.jpg 300w, http:\/\/www.pizzeriadamassimo.de\/wp-content\/uploads\/GoGo1-186x140.jpg 186w\" sizes=\"(max-width: 800px) 100vw, 800px\" \/><\/a><\/p>\n","protected":false},"excerpt":{"rendered":"<p>Sie suchen den richtigen Partyservice f\u00fcr Ihre Feier und wissen nicht wohin? Wir stehen f\u00fcr Qualit\u00e4t und Zuverl\u00e4ssigkeit! Egal ob Firmenfeier, Geburtstage im eigenen Garten oder anderen Veranstaltungsf\u00e4llen &#8211; hier finden Sie den richtigen Partner! F\u00fcr die richtige Sitzgelegenheit, bieten wir Ihnen gerne B\u00e4nke, Tische und St\u00fchle (auch seperat verleihbar) an. Pizzamobil Seit kurzen d\u00fcrfen [&hellip;]<\/p>\n","protected":false},"author":2,"featured_media":0,"parent":0,"menu_order":0,"comment_status":"open","ping_status":"open","template":"page-layout-single-template.php","meta":{"footnotes":""},"_links":{"self":[{"href":"http:\/\/www.pizzeriadamassimo.de\/index.php?rest_route=\/wp\/v2\/pages\/31"}],"collection":[{"href":"http:\/\/www.pizzeriadamassimo.de\/index.php?rest_route=\/wp\/v2\/pages"}],"about":[{"href":"http:\/\/www.pizzeriadamassimo.de\/index.php?rest_route=\/wp\/v2\/types\/page"}],"author":[{"embeddable":true,"href":"http:\/\/www.pizzeriadamassimo.de\/index.php?rest_route=\/wp\/v2\/users\/2"}],"replies":[{"embeddable":true,"href":"http:\/\/www.pizzeriadamassimo.de\/index.php?rest_route=%2Fwp%2Fv2%2Fcomments&post=31"}],"version-history":[{"count":0,"href":"http:\/\/www.pizzeriadamassimo.de\/index.php?rest_route=\/wp\/v2\/pages\/31\/revisions"}],"wp:attachment":[{"href":"http:\/\/www.pizzeriadamassimo.de\/index.php?rest_route=%2Fwp%2Fv2%2Fmedia&parent=31"}],"curies":[{"name":"wp","href":"https:\/\/api.w.org\/{rel}","templated":true}]}}